{"id":508,"date":"2022-09-08T01:24:43","date_gmt":"2022-09-08T01:24:43","guid":{"rendered":"https:\/\/redcoral.la\/?page_id=508"},"modified":"2022-09-08T01:24:43","modified_gmt":"2022-09-08T01:24:43","slug":"propuesta-metodologica","status":"publish","type":"page","link":"https:\/\/redcoral.la\/pt\/propuesta-metodologica\/","title":{"rendered":"Propuesta metodol\u00f3gica"},"content":{"rendered":"<p><strong>Objetivo do Escola Latino-Americana de Comunica\u00e7\u00e3o para a Defesa do Territ\u00f3rio<\/strong><\/p>\n\n\n\n<figure class=\"wp-block-image alignright size-large is-resized\"><img loading=\"lazy\" decoding=\"async\" src=\"https:\/\/redcoral.la\/wp-content\/uploads\/2022\/05\/Rostro_01-e1662600183182-1024x934.png\" alt=\"\" class=\"wp-image-165\" width=\"381\" height=\"348\" srcset=\"https:\/\/redcoral.la\/wp-content\/uploads\/2022\/05\/Rostro_01-e1662600183182-1024x934.png 1024w, https:\/\/redcoral.la\/wp-content\/uploads\/2022\/05\/Rostro_01-e1662600183182-300x274.png 300w, https:\/\/redcoral.la\/wp-content\/uploads\/2022\/05\/Rostro_01-e1662600183182-768x700.png 768w, https:\/\/redcoral.la\/wp-content\/uploads\/2022\/05\/Rostro_01-e1662600183182-13x12.png 13w, https:\/\/redcoral.la\/wp-content\/uploads\/2022\/05\/Rostro_01-e1662600183182.png 1080w\" sizes=\"auto, (max-width: 381px) 100vw, 381px\" \/><\/figure>\n\n\n\n<p>Fortalecer a vis\u00e3o estrat\u00e9gica do trabalho comunicacional - particularmente desde o ponto de vista audiovisual - dos movimentos e comunidades em defesa da terra e do territ\u00f3rio, para ampliar suas capacidades de:<\/p>\n\n\n\n<ul class=\"wp-block-list\"><li>Incid\u00eancia para posicionar seus projetos alternativos ao desenvolvimento no debate social, por meio de narrativas transformadoras em prol da justi\u00e7a socioambiental.<\/li><li>Documenta\u00e7\u00e3o e organiza\u00e7\u00e3o de comprova\u00e7\u00e3o audiovisual para fortalecer o avan\u00e7o de seus objetivos em processos de justi\u00e7a.<\/li><li>Capacitar outras pessoas dentro de seus territ\u00f3rios, assim como movimentos e atores solid\u00e1rios, com ferramentas e estrat\u00e9gias de comunica\u00e7\u00e3o.<\/li><li>Automatizar processos de articula\u00e7\u00e3o entre diferentes territ\u00f3rios a partir de m\u00faltiplas ferramentas de comunica\u00e7\u00e3o.<\/li><\/ul>\n\n\n\n<p><strong>M\u00f3dulos<\/strong><\/p>\n\n\n\n<p><strong>1. Ponto de partida e horizonte comum<\/strong><\/p>\n\n\n\n<p>OBJETIVOS:<\/p>\n\n\n\n<ul class=\"wp-block-list\"><li>Compartilhar metodologias participativas para an\u00e1lise da realidade.&nbsp;<\/li><li>Aprofundar o assunto sobre o papel da forma\u00e7\u00e3o pol\u00edtica e o aprendizado de ferramentas no devir das lutas sociais na Am\u00e9rica Latina.<\/li><\/ul>\n\n\n\n<p><strong>2. Narrativas que constroem mundos<\/strong><\/p>\n\n\n\n<p>OBJETIVOS:<\/p>\n\n\n\n<ul class=\"wp-block-list\"><li>Conhecer as etapas do planejamento a partir de uma an\u00e1lise da realidade, que permitam identificar objetivo(s) de mudan\u00e7a, definir objetivo(s) de comunica\u00e7\u00e3o e escolher o(s) p\u00fablico(s).<\/li><li>Fornecer ferramentas para identificar, analisar e alimentar narrativas pr\u00f3prias, assim como definir mensagens voltadas para os objetivos de mudan\u00e7a.\u00a0<\/li><\/ul>\n\n\n\n<p><strong>3. Produzir: germinar, crescer e conversar<\/strong><\/p>\n\n\n\n<p>Objetivo:<\/p>\n\n\n\n<ul class=\"wp-block-list\"><li>Compartilhar ferramentas para tra\u00e7ar as estrat\u00e9gias e a\u00e7\u00f5es de comunica\u00e7\u00e3o que iremos desenvolver no decorrer de nossos processos, bem como indicadores que venham ajudar na avalia\u00e7\u00e3o do jeito que estamos avan\u00e7ando em nossos objetivos.<\/li><li>Ferramentas para produzir.<\/li><\/ul>\n\n\n\n<p><strong>4. Formar e multiplicar<\/strong><\/p>\n\n\n\n<p>OBJETIVOS:<\/p>\n\n\n\n<ul class=\"wp-block-list\"><li>Fornecer ferramentas de educa\u00e7\u00e3o popular, e os elementos b\u00e1sicos para realizar a forma\u00e7\u00e3o em \"comunica\u00e7\u00e3o\/v\u00eddeo\".\u00a0<\/li><li>Estimular novos processos e metodologias de ensino e aprendizagem.<\/li><\/ul>","protected":false},"excerpt":{"rendered":"<p>Objetivo de la Escuela Latinoamericana de Comunicaci\u00f3n para la Defensa del Territorio Fortalecer la mirada estrat\u00e9gica en el trabajo comunicacional -en particular desde el audiovisual- de los movimientos y comunidades en defensa de la tierra y el territorio, para amplificar sus capacidades de: Incidencia para posicionar sus proyectos alternativos al desarrollo en el debate social, [&hellip;]<\/p>","protected":false},"author":1,"featured_media":0,"parent":0,"menu_order":0,"comment_status":"closed","ping_status":"closed","template":"","meta":{"footnotes":""},"class_list":["post-508","page","type-page","status-publish","hentry"],"blocksy_meta":[],"_links":{"self":[{"href":"https:\/\/redcoral.la\/pt\/wp-json\/wp\/v2\/pages\/508","targetHints":{"allow":["GET"]}}],"collection":[{"href":"https:\/\/redcoral.la\/pt\/wp-json\/wp\/v2\/pages"}],"about":[{"href":"https:\/\/redcoral.la\/pt\/wp-json\/wp\/v2\/types\/page"}],"author":[{"embeddable":true,"href":"https:\/\/redcoral.la\/pt\/wp-json\/wp\/v2\/users\/1"}],"replies":[{"embeddable":true,"href":"https:\/\/redcoral.la\/pt\/wp-json\/wp\/v2\/comments?post=508"}],"version-history":[{"count":3,"href":"https:\/\/redcoral.la\/pt\/wp-json\/wp\/v2\/pages\/508\/revisions"}],"predecessor-version":[{"id":511,"href":"https:\/\/redcoral.la\/pt\/wp-json\/wp\/v2\/pages\/508\/revisions\/511"}],"wp:attachment":[{"href":"https:\/\/redcoral.la\/pt\/wp-json\/wp\/v2\/media?parent=508"}],"curies":[{"name":"wp","href":"https:\/\/api.w.org\/{rel}","templated":true}]}}

Propuesta metodológica

<p><strong>Objetivo do Escola Latino-Americana de Comunicação para a Defesa do Território</strong></p>



<figure class="wp-block-image alignright size-large is-resized"><img loading="lazy" decoding="async" src="https://redcoral.la/wp-content/uploads/2022/05/Rostro_01-e1662600183182-1024x934.png" alt="" class="wp-image-165" width="381" height="348" srcset="https://redcoral.la/wp-content/uploads/2022/05/Rostro_01-e1662600183182-1024x934.png 1024w, https://redcoral.la/wp-content/uploads/2022/05/Rostro_01-e1662600183182-300x274.png 300w, https://redcoral.la/wp-content/uploads/2022/05/Rostro_01-e1662600183182-768x700.png 768w, https://redcoral.la/wp-content/uploads/2022/05/Rostro_01-e1662600183182-13x12.png 13w, https://redcoral.la/wp-content/uploads/2022/05/Rostro_01-e1662600183182.png 1080w" sizes="auto, (max-width: 381px) 100vw, 381px" /></figure>



<p>Fortalecer a visão estratégica do trabalho comunicacional - particularmente desde o ponto de vista audiovisual - dos movimentos e comunidades em defesa da terra e do território, para ampliar suas capacidades de:</p>



<ul class="wp-block-list"><li>Incidência para posicionar seus projetos alternativos ao desenvolvimento no debate social, por meio de narrativas transformadoras em prol da justiça socioambiental.</li><li>Documentação e organização de comprovação audiovisual para fortalecer o avanço de seus objetivos em processos de justiça.</li><li>Capacitar outras pessoas dentro de seus territórios, assim como movimentos e atores solidários, com ferramentas e estratégias de comunicação.</li><li>Automatizar processos de articulação entre diferentes territórios a partir de múltiplas ferramentas de comunicação.</li></ul>



<p><strong>Módulos</strong></p>



<p><strong>1. Ponto de partida e horizonte comum</strong></p>



<p>OBJETIVOS:</p>



<ul class="wp-block-list"><li>Compartilhar metodologias participativas para análise da realidade.&nbsp;</li><li>Aprofundar o assunto sobre o papel da formação política e o aprendizado de ferramentas no devir das lutas sociais na América Latina.</li></ul>



<p><strong>2. Narrativas que constroem mundos</strong></p>



<p>OBJETIVOS:</p>



<ul class="wp-block-list"><li>Conhecer as etapas do planejamento a partir de uma análise da realidade, que permitam identificar objetivo(s) de mudança, definir objetivo(s) de comunicação e escolher o(s) público(s).</li><li>Fornecer ferramentas para identificar, analisar e alimentar narrativas próprias, assim como definir mensagens voltadas para os objetivos de mudança. </li></ul>



<p><strong>3. Produzir: germinar, crescer e conversar</strong></p>



<p>Objetivo:</p>



<ul class="wp-block-list"><li>Compartilhar ferramentas para traçar as estratégias e ações de comunicação que iremos desenvolver no decorrer de nossos processos, bem como indicadores que venham ajudar na avaliação do jeito que estamos avançando em nossos objetivos.</li><li>Ferramentas para produzir.</li></ul>



<p><strong>4. Formar e multiplicar</strong></p>



<p>OBJETIVOS:</p>



<ul class="wp-block-list"><li>Fornecer ferramentas de educação popular, e os elementos básicos para realizar a formação em "comunicação/vídeo". </li><li>Estimular novos processos e metodologias de ensino e aprendizagem.</li></ul>

<p>Objetivo de la Escuela Latinoamericana de Comunicación para la Defensa del Territorio Fortalecer la mirada estratégica en el trabajo comunicacional -en particular desde el audiovisual- de los movimientos y comunidades en defensa de la tierra y el territorio, para amplificar sus capacidades de: Incidencia para posicionar sus proyectos alternativos al desarrollo en el debate social, [&hellip;]</p>
