{"id":539,"date":"2022-09-09T22:07:54","date_gmt":"2022-09-09T22:07:54","guid":{"rendered":"https:\/\/redcoral.la\/?page_id=539"},"modified":"2022-10-24T17:11:10","modified_gmt":"2022-10-24T17:11:10","slug":"suena-nangali-memorias-del-hacer","status":"publish","type":"page","link":"https:\/\/redcoral.la\/pt\/suena-nangali-memorias-del-hacer\/","title":{"rendered":"Suena \u00d1angal\u00ed: Memorias del hacer"},"content":{"rendered":"<figure class=\"wp-block-image alignright size-large is-resized\"><a href=\"https:\/\/drive.google.com\/file\/d\/1akbeEdVTUsSwWuT-WMHvn1YJd2lUr-n1\/view\" target=\"_blank\" rel=\"noreferrer noopener\"><img loading=\"lazy\" decoding=\"async\" src=\"https:\/\/redcoral.la\/wp-content\/uploads\/2022\/09\/Screen-Shot-2022-09-09-at-16.12.57-1024x723.png\" alt=\"\" class=\"wp-image-540\" width=\"303\" height=\"214\" srcset=\"https:\/\/redcoral.la\/wp-content\/uploads\/2022\/09\/Screen-Shot-2022-09-09-at-16.12.57-1024x723.png 1024w, https:\/\/redcoral.la\/wp-content\/uploads\/2022\/09\/Screen-Shot-2022-09-09-at-16.12.57-300x212.png 300w, https:\/\/redcoral.la\/wp-content\/uploads\/2022\/09\/Screen-Shot-2022-09-09-at-16.12.57-768x542.png 768w, https:\/\/redcoral.la\/wp-content\/uploads\/2022\/09\/Screen-Shot-2022-09-09-at-16.12.57-18x12.png 18w, https:\/\/redcoral.la\/wp-content\/uploads\/2022\/09\/Screen-Shot-2022-09-09-at-16.12.57.png 1048w\" sizes=\"auto, (max-width: 303px) 100vw, 303px\" \/><\/a><\/figure>\n\n\n\n<p>Maizal es un colectivo itinerante de investigaci\u00f3n y creaci\u00f3n audiovisual, activo desde 2013 en distintos territorios de Ecuador, Per\u00fa y M\u00e9xico. Como colectivo, una de sus inquietudes gira en torno a la defensa del territorio en distintos lugares de Nuestram\u00e9rica.<\/p>\n\n\n\n<p>Como parte de su caminar, en 2019 llegaron a las monta\u00f1as de Piura, en Huancabamba, a la comunidad de \u00d1angal\u00ed, para encontrarse, crear y compartir con quienes ah\u00ed defienden el agua y el territorio. Llegaron con un proyecto llamado \u201cCartograf\u00edas Sonoras del P\u00e1ramo Peruano\u201d, que hab\u00edan so\u00f1ado tiempo atr\u00e1s y que en ese momento lograron concretar.<\/p>\n\n\n\n<p>Esta publicaci\u00f3n es la memoria escrita de esta experiencia que marc\u00f3 sus corazones, pues lograron acercarse al p\u00e1ramo como territorio sonoro, y a las voces de la comunidad como portadoras de un mensaje vital: \u00a1que suene sin miner\u00eda!<\/p>\n\n\n\n<p><a href=\"https:\/\/drive.google.com\/file\/d\/1akbeEdVTUsSwWuT-WMHvn1YJd2lUr-n1\/view\" data-type=\"URL\" data-id=\"https:\/\/drive.google.com\/file\/d\/1akbeEdVTUsSwWuT-WMHvn1YJd2lUr-n1\/view\" target=\"_blank\" rel=\"noreferrer noopener\">Descarga la memoria &gt;&gt;<\/a> <\/p>\n\n\n\n<figure class=\"wp-block-image size-large\"><a href=\"https:\/\/www.facebook.com\/maizal.audiovisual\/videos\/318480622675870\/\" target=\"_blank\" rel=\"noreferrer noopener\"><img loading=\"lazy\" decoding=\"async\" width=\"1024\" height=\"578\" src=\"https:\/\/redcoral.la\/wp-content\/uploads\/2022\/10\/baja_Screen-Shot-2022-10-24-at-12.03.28-1024x578.png\" alt=\"\" class=\"wp-image-659\" srcset=\"https:\/\/redcoral.la\/wp-content\/uploads\/2022\/10\/baja_Screen-Shot-2022-10-24-at-12.03.28-1024x578.png 1024w, https:\/\/redcoral.la\/wp-content\/uploads\/2022\/10\/baja_Screen-Shot-2022-10-24-at-12.03.28-300x169.png 300w, https:\/\/redcoral.la\/wp-content\/uploads\/2022\/10\/baja_Screen-Shot-2022-10-24-at-12.03.28-768x433.png 768w, https:\/\/redcoral.la\/wp-content\/uploads\/2022\/10\/baja_Screen-Shot-2022-10-24-at-12.03.28-18x10.png 18w, https:\/\/redcoral.la\/wp-content\/uploads\/2022\/10\/baja_Screen-Shot-2022-10-24-at-12.03.28.png 1320w\" sizes=\"auto, (max-width: 1024px) 100vw, 1024px\" \/><\/a><\/figure>\n\n\n\n<p><a href=\"https:\/\/www.facebook.com\/maizal.audiovisual\/videos\/318480622675870\/\">Ver presentaci\u00f3n virtual >>><\/a><\/p>\n\n\n\n<p><\/p>","protected":false},"excerpt":{"rendered":"<p>Maizal es un colectivo itinerante de investigaci\u00f3n y creaci\u00f3n audiovisual, activo desde 2013 en distintos territorios de Ecuador, Per\u00fa y M\u00e9xico. Como colectivo, una de sus inquietudes gira en torno a la defensa del territorio en distintos lugares de Nuestram\u00e9rica. Como parte de su caminar, en 2019 llegaron a las monta\u00f1as de Piura, en Huancabamba, [&hellip;]<\/p>","protected":false},"author":1,"featured_media":0,"parent":0,"menu_order":0,"comment_status":"closed","ping_status":"closed","template":"","meta":{"footnotes":""},"class_list":["post-539","page","type-page","status-publish","hentry"],"blocksy_meta":[],"_links":{"self":[{"href":"https:\/\/redcoral.la\/pt\/wp-json\/wp\/v2\/pages\/539","targetHints":{"allow":["GET"]}}],"collection":[{"href":"https:\/\/redcoral.la\/pt\/wp-json\/wp\/v2\/pages"}],"about":[{"href":"https:\/\/redcoral.la\/pt\/wp-json\/wp\/v2\/types\/page"}],"author":[{"embeddable":true,"href":"https:\/\/redcoral.la\/pt\/wp-json\/wp\/v2\/users\/1"}],"replies":[{"embeddable":true,"href":"https:\/\/redcoral.la\/pt\/wp-json\/wp\/v2\/comments?post=539"}],"version-history":[{"count":8,"href":"https:\/\/redcoral.la\/pt\/wp-json\/wp\/v2\/pages\/539\/revisions"}],"predecessor-version":[{"id":663,"href":"https:\/\/redcoral.la\/pt\/wp-json\/wp\/v2\/pages\/539\/revisions\/663"}],"wp:attachment":[{"href":"https:\/\/redcoral.la\/pt\/wp-json\/wp\/v2\/media?parent=539"}],"curies":[{"name":"wp","href":"https:\/\/api.w.org\/{rel}","templated":true}]}}

Suena Ñangalí: Memorias del hacer

<figure class="wp-block-image alignright size-large is-resized"><a href="https://drive.google.com/file/d/1akbeEdVTUsSwWuT-WMHvn1YJd2lUr-n1/view" target="_blank" rel="noreferrer noopener"><img loading="lazy" decoding="async" src="https://redcoral.la/wp-content/uploads/2022/09/Screen-Shot-2022-09-09-at-16.12.57-1024x723.png" alt="" class="wp-image-540" width="303" height="214" srcset="https://redcoral.la/wp-content/uploads/2022/09/Screen-Shot-2022-09-09-at-16.12.57-1024x723.png 1024w, https://redcoral.la/wp-content/uploads/2022/09/Screen-Shot-2022-09-09-at-16.12.57-300x212.png 300w, https://redcoral.la/wp-content/uploads/2022/09/Screen-Shot-2022-09-09-at-16.12.57-768x542.png 768w, https://redcoral.la/wp-content/uploads/2022/09/Screen-Shot-2022-09-09-at-16.12.57-18x12.png 18w, https://redcoral.la/wp-content/uploads/2022/09/Screen-Shot-2022-09-09-at-16.12.57.png 1048w" sizes="auto, (max-width: 303px) 100vw, 303px" /></a></figure>



<p>Maizal es un colectivo itinerante de investigación y creación audiovisual, activo desde 2013 en distintos territorios de Ecuador, Perú y México. Como colectivo, una de sus inquietudes gira en torno a la defensa del territorio en distintos lugares de Nuestramérica.</p>



<p>Como parte de su caminar, en 2019 llegaron a las montañas de Piura, en Huancabamba, a la comunidad de Ñangalí, para encontrarse, crear y compartir con quienes ahí defienden el agua y el territorio. Llegaron con un proyecto llamado “Cartografías Sonoras del Páramo Peruano”, que habían soñado tiempo atrás y que en ese momento lograron concretar.</p>



<p>Esta publicación es la memoria escrita de esta experiencia que marcó sus corazones, pues lograron acercarse al páramo como territorio sonoro, y a las voces de la comunidad como portadoras de un mensaje vital: ¡que suene sin minería!</p>



<p><a href="https://drive.google.com/file/d/1akbeEdVTUsSwWuT-WMHvn1YJd2lUr-n1/view" data-type="URL" data-id="https://drive.google.com/file/d/1akbeEdVTUsSwWuT-WMHvn1YJd2lUr-n1/view" target="_blank" rel="noreferrer noopener">Descarga la memoria &gt;&gt;</a> </p>



<figure class="wp-block-image size-large"><a href="https://www.facebook.com/maizal.audiovisual/videos/318480622675870/" target="_blank" rel="noreferrer noopener"><img loading="lazy" decoding="async" width="1024" height="578" src="https://redcoral.la/wp-content/uploads/2022/10/baja_Screen-Shot-2022-10-24-at-12.03.28-1024x578.png" alt="" class="wp-image-659" srcset="https://redcoral.la/wp-content/uploads/2022/10/baja_Screen-Shot-2022-10-24-at-12.03.28-1024x578.png 1024w, https://redcoral.la/wp-content/uploads/2022/10/baja_Screen-Shot-2022-10-24-at-12.03.28-300x169.png 300w, https://redcoral.la/wp-content/uploads/2022/10/baja_Screen-Shot-2022-10-24-at-12.03.28-768x433.png 768w, https://redcoral.la/wp-content/uploads/2022/10/baja_Screen-Shot-2022-10-24-at-12.03.28-18x10.png 18w, https://redcoral.la/wp-content/uploads/2022/10/baja_Screen-Shot-2022-10-24-at-12.03.28.png 1320w" sizes="auto, (max-width: 1024px) 100vw, 1024px" /></a></figure>



<p><a href="https://www.facebook.com/maizal.audiovisual/videos/318480622675870/">Ver presentación virtual >>></a></p>



<p></p>

<p>Maizal es un colectivo itinerante de investigación y creación audiovisual, activo desde 2013 en distintos territorios de Ecuador, Perú y México. Como colectivo, una de sus inquietudes gira en torno a la defensa del territorio en distintos lugares de Nuestramérica. Como parte de su caminar, en 2019 llegaron a las montañas de Piura, en Huancabamba, [&hellip;]</p>
